{"id":38,"date":"2025-07-08T17:13:25","date_gmt":"2025-07-08T15:13:25","guid":{"rendered":"https:\/\/lightyellow-lion-333866.hostingersite.com\/?page_id=38"},"modified":"2025-07-08T19:40:59","modified_gmt":"2025-07-08T17:40:59","slug":"home","status":"publish","type":"page","link":"https:\/\/recicladoschariehijos.es\/","title":{"rendered":""},"content":{"rendered":"\n\t \n<!-- CONTACTO Y MAPA AL PRINCIPIO -->\t \n\t \n<div class=\"wp-block-group alignwide has-background is-layout-flow wp-block-group-is-layout-flow\" style=\"background-color:#ececec;padding-top:24px;padding-bottom:24px;padding-left:24px;padding-right:24px\">\t \n <div style=\"display:flex;flex-wrap:wrap;align-items:center;justify-content:space-between;\">\t \n <div style=\"flex:1 1 300px;min-width:260px;\">\t \n <div style=\"font-weight:bold;font-size:1.2em;color:#2e353a;\">CHATARRER\u00cdA JUAN BAENA<\/div>\t \n <div style=\"margin:8px 0;\">\ud83d\udccd Av. La Industria (Pol. Ind. Poliviso), 46, El Viso del Alcor, Sevilla, 41520<\/div>\t \n <div style=\"margin:8px 0;\">\ud83d\udcde <a href=\"tel:652611820\" style=\"color:#218c7e;font-weight:bold;\">652611820<\/a><\/div>\t \n <div style=\"margin:8px 0;\">\u2709\ufe0f mrjosan16@gmail.com<\/div>\t \n <div style=\"margin:12px 0;\">\t \n <a href=\"#\" style=\"margin-right:12px;color:#2e353a;\" aria-label=\"Facebook\">\ud83c\udf10<\/a>\t \n <a href=\"#\" style=\"margin-right:12px;color:#2e353a;\" aria-label=\"WhatsApp\">\ud83d\udcac<\/a>\t \n <a href=\"#\" style=\"color:#2e353a;\" aria-label=\"Instagram\">\ud83d\udcf8<\/a>\t \n <\/div>\t \n <\/div>\t \n <div style=\"flex:1 1 300px;min-width:260px;\">\t \n <!-- MAPA GOOGLE MAPS -->\t \n <div style=\"width:100%;height:220px;border-radius:8px;overflow:hidden;\">\t \n <iframe\t \n width=\"100%\"\t \n height=\"220\"\t \n style=\"border:0;\"\t \n loading=\"lazy\"\t \n allowfullscreen\t \n referrerpolicy=\"no-referrer-when-downgrade\"\t \n src=\"https:\/\/www.google.com\/maps\/embed\/v1\/place?key=AIzaSyC2lRufXFt1c43NIoiy4xQ4uNzEd_Ibi90&#038;q=Chatarrer\u00eda+Juan+Baena,Av.+La+Industria+46,El+Viso+del+Alcor,Sevilla\">\t \n <\/iframe>\t \n <\/div>\t \n <\/div>\t \n <\/div>\t \n<\/div>\t \n\t \n<!-- CABECERA DE SERVICIOS -->\t \n\t \n<div class=\"wp-block-group alignwide has-background is-layout-flow wp-block-group-is-layout-flow\" style=\"background-color:#f7f7f7;padding-top:24px;padding-bottom:24px\">\t \n <h2 style=\"text-align:center;font-size:2em;font-weight:900;color:#2e353a;margin-bottom:32px;\">SERVICIOS<\/h2>\t \n <div style=\"display:flex;flex-wrap:wrap;justify-content:center;gap:40px;\">\t \n <div style=\"flex:1 1 220px;max-width:240px;text-align:center;\">\t \n <img decoding=\"async\" src=\"https:\/\/recicladoschariehijos.es\/wp-content\/uploads\/2025\/07\/handshake.png\" alt=\"Compra de metales\" style=\"width:60px;height:60px;margin-bottom:12px;\">\t \n <div style=\"font-weight:bold;font-size:1.1em;margin-bottom:6px;\">COMPRA DE METALES<\/div>\t \n <div>Compramos metales f\u00e9rricos y no f\u00e9rricos.<\/div>\t \n <\/div>\t \n <div style=\"flex:1 1 220px;max-width:240px;text-align:center;\">\t \n <img decoding=\"async\" src=\"https:\/\/recicladoschariehijos.es\/wp-content\/uploads\/2025\/07\/transparente_transporte-removebg-preview.png\" alt=\"Venta de metales\" style=\"width:60px;height:60px;margin-bottom:12px;\">\t \n <div style=\"font-weight:bold;font-size:1.1em;margin-bottom:6px;\">VENTA DE METALES<\/div>\t \n <div>Ofrecemos una amplia gama de metales procesados.<\/div>\t \n <\/div>\t \n <div style=\"flex:1 1 220px;max-width:240px;text-align:center;\">\t \n <img decoding=\"async\" src=\"https:\/\/recicladoschariehijos.es\/wp-content\/uploads\/2025\/07\/tipper.png\" alt=\"Recogida de chatarra\" style=\"width:60px;height:60px;margin-bottom:12px;\">\t \n <div style=\"font-weight:bold;font-size:1.1em;margin-bottom:6px;\">RECOGIDA DE CHATARRA<\/div>\t \n <div>Recogemos chatarra en tu local o empresa.<\/div>\t \n <\/div>\t \n <div style=\"flex:1 1 220px;max-width:240px;text-align:center;\">\t \n <img decoding=\"async\" src=\"https:\/\/recicladoschariehijos.es\/wp-content\/uploads\/2025\/07\/viga-removebg-preview.png\" alt=\"Compra-Venta Reutilizable\" style=\"width:60px;height:60px;margin-bottom:12px;\">\t \n <div style=\"font-weight:bold;font-size:1.1em;margin-bottom:6px;\">COMPRA Y VENTA REUTILIZABLE<\/div>\t \n <div>Ofrecemos variedad de hierro reutilizable<\/div>\t \n <\/div>\t \n<\/div>\t \n <\/div>\t \n<\/div>\t \n\t \n<!-- HISTORIA -->\t \n\t \n<div class=\"wp-block-group alignwide has-background is-layout-flow wp-block-group-is-layout-flow\" style=\"background-color:#e5e5e5;padding-top:20px;padding-bottom:20px;padding-left:20px;padding-right:20px\">\t \n <h4 style=\"margin-bottom:10px;\">Nuestra Historia<\/h4>\t \n <p style=\"margin:0;\">\t \n Chatarrer\u00eda Juan Baena es una empresa familiar fundada en El Viso del Alcor. Con m\u00e1s de 50 a\u00f1os de experiencia en el sector nos avalan en la compra y venta de metales y la gesti\u00f3n responsable de residuos. Nuestro compromiso es ofrecer siempre un trato cercano y profesional, contribuyendo al reciclaje y la sostenibilidad.\t \n <\/p>\t \n<\/div>\t \n\t \n\n\n","protected":false},"excerpt":{"rendered":"","protected":false},"author":1,"featured_media":0,"parent":0,"menu_order":0,"comment_status":"closed","ping_status":"closed","template":"","meta":{"_uag_custom_page_level_css":"","site-sidebar-layout":"default","site-content-layout":"","ast-site-content-layout":"default","site-content-style":"default","site-sidebar-style":"default","ast-global-header-display":"","ast-banner-title-visibility":"","ast-main-header-display":"","ast-hfb-above-header-display":"","ast-hfb-below-header-display":"","ast-hfb-mobile-header-display":"","site-post-title":"","ast-breadcrumbs-content":"","ast-featured-img":"","footer-sml-layout":"","theme-transparent-header-meta":"","adv-header-id-meta":"","stick-header-meta":"","header-above-stick-meta":"","header-main-stick-meta":"","header-below-stick-meta":"","astra-migrate-meta-layouts":"default","ast-page-background-enabled":"default","ast-page-background-meta":{"desktop":{"background-color":"var(--ast-global-color-5)","background-image":"","background-repeat":"repeat","background-position":"center center","background-size":"auto","background-attachment":"scroll","background-type":"","background-media":"","overlay-type":"","overlay-color":"","overlay-opacity":"","overlay-gradient":""},"tablet":{"background-color":"","background-image":"","background-repeat":"repeat","background-position":"center center","background-size":"auto","background-attachment":"scroll","background-type":"","background-media":"","overlay-type":"","overlay-color":"","overlay-opacity":"","overlay-gradient":""},"mobile":{"background-color":"","background-image":"","background-repeat":"repeat","background-position":"center center","background-size":"auto","background-attachment":"scroll","background-type":"","background-media":"","overlay-type":"","overlay-color":"","overlay-opacity":"","overlay-gradient":""}},"ast-content-background-meta":{"desktop":{"background-color":"var(--ast-global-color-4)","background-image":"","background-repeat":"repeat","background-position":"center center","background-size":"auto","background-attachment":"scroll","background-type":"","background-media":"","overlay-type":"","overlay-color":"","overlay-opacity":"","overlay-gradient":""},"tablet":{"background-color":"var(--ast-global-color-4)","background-image":"","background-repeat":"repeat","background-position":"center center","background-size":"auto","background-attachment":"scroll","background-type":"","background-media":"","overlay-type":"","overlay-color":"","overlay-opacity":"","overlay-gradient":""},"mobile":{"background-color":"var(--ast-global-color-4)","background-image":"","background-repeat":"repeat","background-position":"center center","background-size":"auto","background-attachment":"scroll","background-type":"","background-media":"","overlay-type":"","overlay-color":"","overlay-opacity":"","overlay-gradient":""}},"footnotes":""},"class_list":["post-38","page","type-page","status-publish","hentry"],"uagb_featured_image_src":{"full":false,"thumbnail":false,"medium":false,"medium_large":false,"large":false,"1536x1536":false,"2048x2048":false},"uagb_author_info":{"display_name":"daniel","author_link":"https:\/\/recicladoschariehijos.es\/?author=1"},"uagb_comment_info":0,"uagb_excerpt":null,"_links":{"self":[{"href":"https:\/\/recicladoschariehijos.es\/index.php?rest_route=\/wp\/v2\/pages\/38","targetHints":{"allow":["GET"]}}],"collection":[{"href":"https:\/\/recicladoschariehijos.es\/index.php?rest_route=\/wp\/v2\/pages"}],"about":[{"href":"https:\/\/recicladoschariehijos.es\/index.php?rest_route=\/wp\/v2\/types\/page"}],"author":[{"embeddable":true,"href":"https:\/\/recicladoschariehijos.es\/index.php?rest_route=\/wp\/v2\/users\/1"}],"replies":[{"embeddable":true,"href":"https:\/\/recicladoschariehijos.es\/index.php?rest_route=%2Fwp%2Fv2%2Fcomments&post=38"}],"version-history":[{"count":14,"href":"https:\/\/recicladoschariehijos.es\/index.php?rest_route=\/wp\/v2\/pages\/38\/revisions"}],"predecessor-version":[{"id":80,"href":"https:\/\/recicladoschariehijos.es\/index.php?rest_route=\/wp\/v2\/pages\/38\/revisions\/80"}],"wp:attachment":[{"href":"https:\/\/recicladoschariehijos.es\/index.php?rest_route=%2Fwp%2Fv2%2Fmedia&parent=38"}],"curies":[{"name":"wp","href":"https:\/\/api.w.org\/{rel}","templated":true}]}}